-103454 (base 6) in base 10?
-8602
What is 344112 (base 5) in base 10?
12407
Convert -11a (base 12) to base 11.
-141
Convert 54435 (base 8) to base 15.
6b5d
Convert -22212 (base 4) to base 14.
-366
Convert -264 (base 8) to base 13.
-10b
Convert 1011001011011000 (base 2) to base 8.
131330
220330 (base 5) to base 6
55050
Convert -1860 (base 10) to base 8.
-3504
1112 (base 14) to base 7
11422
Convert -1002011212 (base 3) to base 6.
-242252
What is 809 (base 13) in base 2?
10101010001
Convert 202020 (base 3) to base 9.
666
-122 (base 9) to base 11
-92
10000010111111000 (base 2) to base 10
67064
-20456 (base 10) to base 15
-60db
What is -3241 (base 6) in base 3?
-1000121
6586 (base 11) to base 3
102220200
Convert 6c0 (base 13) to base 7.
3261
What is 1020012 (base 3) in base 8?
1600
-251 (base 10) to base 16
-fb
Convert 100403 (base 5) to base 9.
4376
-2844 (base 15) to base 11
-6521
What is -15da (base 15) in base 14?
-1a01
35a (base 15) to base 7
2134
What is 1ab2 (base 12) in base 5?
101202
What is 100110001100 (base 2) in base 15?
ace
Convert -15d (base 14) to base 7.
-546
Convert 189d (base 16) to base 15.
1d01
-9b9 (base 13) to base 7
-4610
Convert 3451 (base 7) to base 13.
760
-15512 (base 6) to base 12
-1598
What is -6ba (base 13) in base 9?
-1536
Convert 1010000100101 (base 2) to base 14.
1c45
What is -c1c (base 14) in base 5?
-34003
Convert 110010111 (base 2) to base 8.
627
What is 110010010000110 (base 2) in base 15?
7959
Convert -638 (base 15) to base 14.
-723
What is -1001000100111 (base 2) in base 9?
-6333
-3031333 (base 4) to base 6
-141011
What is -3326 (base 8) in base 14?
-8d0
68 (base 15) to base 4
1202
1110233 (base 4) to base 3
21102212
Convert 6c3 (base 14) to base 10.
1347
-1568 (base 13) to base 15
-dd8
What is 776 (base 9) in base 3?
212120
Convert -12254 (base 9) to base 7.
-32665
What is 165 (base 10) in base 13?
c9
304 (base 6) to base 5
422
Convert 106 (base 12) to base 16.
96
-82a (base 13) to base 7
-4022
What is -12023 (base 5) in base 2?
-1101111000
What is 3031 (base 6) in base 3?
220201
What is -31 (base 7) in base 12?
-1a
-45643 (base 8) to base 4
-10232203
Convert -2370 (base 8) to base 3.
-1202010
12022 (base 5) to base 8
1567
What is 10636 (base 8) in base 11?
3430
Convert 25979 (base 11) to base 9.
55815
160 (base 11) to base 13
115
Convert -19b7 (base 15) to base 13.
-26c8
What is -10001 (base 2) in base 10?
-17
What is -996 (base 13) in base 14?
-856
122220 (base 3) to base 15
223
Convert -1677 (base 11) to base 5.
-32031
-2371 (base 8) to base 7
-3466
20166 (base 7) to base 6
34403
What is -1400 (base 6) in base 8?
-550
What is -574 (base 13) in base 9?
-1254
Convert -2211 (base 4) to base 15.
-b0
Convert 140 (base 12) to base 15.
cc
Convert 2988 (base 14) to base 12.
4324
12b2 (base 12) to base 8
4146
Convert 4e (base 16) to base 5.
303
-1300033 (base 4) to base 7
-26641
What is 2341 (base 6) in base 10?
565
-14404 (base 8) to base 4
-1210010
Convert -3560 (base 11) to base 2.
-1001000111000
What is 1002220201 (base 3) in base 13?
9c07
301044 (base 5) to base 3
111001202
Convert -754 (base 13) to base 4.
-103210
Convert -111 (base 6) to base 3.
-1121
Convert 1c7b9 (base 13) to base 15.
11a0a
9033 (base 14) to base 3
1020221100
100001 (base 3) to base 7
466
Convert 1753 (base 9) to base 8.
2500
Convert -5666 (base 7) to base 14.
-a6d
Convert 23144 (base 7) to base 4.
1130120
What is 104d (base 14) in base 8?
5375
What is -b059 (base 14) in base 8?
-73067
Convert 23536 (base 10) to base 13.
a936
-3325 (base 9) to base 8
-4625
Convert -34053 (base 9) to base 14.
-8379
Convert -1273 (base 8) to base 11.
-586
What is 20201101 (base 4) in base 6?
425321
2021111 (base 3) to base 7
4561
214 (base 8) to base 5
1030
What is 1031223 (base 5) in base 7?
102366
-1224 (base 6) to base 12
-214
What is 245114 (base 6) in base 2?
101010101100110
440 (base 5) to base 13
93
Convert -1713 (base 9) to base 7.
-3546
What is -1340033 (base 5) in base 3?
-1101202012
-4b5 (base 16) to base 9
-1578
-16264 (base 11) to base 5
-1213224
What is 844 (base 13) in base 16?
580
25 (base 15) to base 9
38
-1514 (base 7) to base 11
-4a5
Convert 229 (base 11) to base 7.
540
-43503 (base 6) to base 12
-3593
-654 (base 13) to base 3
-1111010
-10100111001111 (base 2) to base 6
-121315
What is -65e (base 15) in base 10?
-1439
What is 20443 (base 6) in base 10?
2763
-4881 (base 9) to base 6
-24501
Convert -50ca (base 14) to base 6.
-144202
-3447 (base 10) to base 13
-1752
What is -2133300 (base 4) in base 5?
-311344
What is 7a92 (base 15) in base 12?
13078
-15c8e (base 15) to base 2
-10001001010111110
-121122 (base 4) to base 2
-11001011010
What is 615 (base 11) in base 9?
1014
What is 31432 (base 11) in base 10?
45773
Convert -26522 (base 7) to base 4.
-1233101
Convert -12000011 (base 3) to base 10.
-3649
Convert 20c80 (base 13) to base 15.
12854
Convert -55424 (base 6) to base 12.
-4574
What is -1265 (base 10) in base 5?
-20030
6cb (base 15) to base 4
120011
What is -251a (base 16) in base 3?
-111000210
-2302 (base 5) to base 14
-195
Convert 6c67 (base 14) to base 5.
1101112
Convert -331044 (base 5) to base 4.
-2302013
Convert 2aa46 (base 13) to base 8.
235710
What is 506 (base 11) in base 2?
1001100011
What is -4885 (base 9) in base 14?
-1481
Convert -8495 (base 15) to base 14.
-a30c
What is 2a3 (base 12) in base 13?
258
10032 (base 5) to base 8
1202
Convert 111111000011 (base 2) to base 4.
333003
What is 244012 (base 5) in base 3?
110200212
What is 11100000110100 (base 2) in base 3?
201201220
Convert -5152 (base 9) to base 13.
-1943
What is 511 (base 9) in base 4?
12133
3719 (base 10) to base 5
104334
What is 10850 (base 11) in base 2?
11110100110000
Convert -1010002012 (base 3) to base 5.
-1200204
1aa4 (base 16) to base 3
100100121
Convert 11002 (base 6) to base 4.
113222
-1011011 (base 3) to base 12
-5a1
Convert -200334 (base 6) to base 7.
-63502
Convert 10222010120 (base 3) to base 6.
1401323
Convert -165 (base 7) to base 10.
-96
2044 (base 5) to base 2
100010010
10101001010 (base 2) to base 7
3643
1a4e (base 16) to base 9
10212
-5313 (base 13) to base 10
-11508
Convert 2976 (base 10) to base 7.
11451
Convert 241 (base 8) to base 15.
ab
What is -3da (base 16) in base 3?
-1100112
-7c44 (base 16) to base 11
-219a0
Convert 14ab (base 13) to base 5.
44024
What is 233 (base 12) in base 16?
147
Convert 2660 (base 9) to base 5.
30443
Convert 363 (base 12) to base 4.
13323
What is 267 (base 10) in base 2?
100001011
-519 (base 16) to base 6
-10013
Convert -221402 (base 6) to base 14.
-6a5c
What is 2420 (base 5) in base 16?
168
What is -1025 (base 7) in base 11?
-2aa
4336 (base 13) to base 3
110210221
What is 360 (base 13) in base 14?
2db
What is -c545 (base 13) in base 2?
-110101010000010
What is 6454 (base 9) in base 13?
2212
Convert 69 (base 16) to base 14.
77
-13687 (base 11) to base 6
-230023
What is 1110 (base 2) in base 16?
e
Convert -11101110 (base 2) to base 11.
-1a7
5443 (base 9) to base 11
3014
What is 20375 (base 8) in base 7?
33423
-214331 (base 5) to base 16
-1d2a
8a33 (base 16) to base 8
105063
Convert 232011 (base 4) to base 12.
1859
111111010011 (base 2) to base 8
7723
11110001 (base 2) to base 7
463
What is 1855 (base 11) in base 16?
937
Convert 1634 (base 7) to base 8.
1226
-11718 (base 9) to base 4
-1323002
2a7 (base 11) to base 4
11213
What is 442051 (base 6) in base 13?
13960
What is 2010222101 (base 3) in base 9?
63871
-144 (base 10) to base 9
-170
What is -13622 (base 8) in base 10?
-6034
What is -9ad2 (base 14) in base 9?
-40732
120202 (base 3) to base 11
357
What is 111 (base 2) in base 11?
7
What is 11532 (base 6) in base 12?
ba8
Convert -11442 (base 5) to base 9.
-1168
What is -a31 (base 16) in base 8?
-5061
What is 13114 (base 5) in base 6?
4442
Convert 12a8 (base 13) to base 7.
10536
710e (base 16) to base 9
43627
Convert -18dd8 (base 14) to base 5.
-4004411
-139 (base 15) to base 13
-186
What is -827 (base 13) in base 4?
-111221
132211 (base 4) to base 2
11110100101
What is -2057 (base 8) in base 14?
-567
Convert -23231 (base 5) to base 6.
-11455
Convert 2a79 (base 12) to base 5.
124424
-431213 (base 6) to base 16
-89d9
What is 712 (base 10) in base 12?
4b4
-40121 (base 6) to base 3
-21011211
What is -50532 (base 